{"id":13,"date":"2019-03-16T19:08:51","date_gmt":"2019-03-16T18:08:51","guid":{"rendered":"http:\/\/praxis-neuGesinnung.de\/?page_id=13"},"modified":"2025-04-29T10:17:23","modified_gmt":"2025-04-29T08:17:23","slug":"startseite","status":"publish","type":"page","link":"https:\/\/praxis-neuGesinnung.de\/","title":{"rendered":"Hallo und herzlich Willkommen"},"content":{"rendered":"\n<p>Mein Name ist Jean Marcus. In meiner Praxis \u201eNeuGesinnung\u201c biete ich Ihnen Lebensberatung, Coaching, Therapeutische Seelsorge und Debriefing an.<\/p>\n\n\n\n<p>Ich berate ganzheitlich auf Grundlage des christlichen\nWeltbildes und Werteverst\u00e4ndnisses.<\/p>\n\n\n\n<p>Mein Angebot richtet sich an alle Menschen, egal welcher Konfession, egal welchen Glaubens.<\/p>\n\n\n\n<h2 class=\"wp-block-heading\"> NeuGesinnung<\/h2>\n\n\n\n<p>Unser Verhalten und unsere Reaktionen werden oft von uns unbewussten Einstellungen und Leits\u00e4tzen beeinflusst. Wir verstehen uns dann selber nicht und schaffen es nicht, unser Verhalten langfristig zu ver\u00e4ndern. Die \u201eguten Vors\u00e4tze\u201c umzusetzen kostet uns zu viel Kraft und \u00dcberwindung.<\/p>\n\n\n\n<p>Schaffen wir es jedoch uns dieser Einstellungen und Leits\u00e4tze bewusst zu werden, k\u00f6nnen wir diese ver\u00e4ndern. Mit einer neuen Gesinnung, d. h. neuen Einstellungen und Motiven f\u00e4llt es uns leichter unser Verhalten und unsere Reaktionen langfristig zu ver\u00e4ndern.<\/p>\n\n\n\n<p>R\u00f6 12.2: \u201e \u2026. \u00e4ndert euch durch Erneuerung eurer Gesinnung,\ndamit ihr pr\u00fcfen k\u00f6nnt, was Gottes<\/p>\n\n\n\n<p>&nbsp;&nbsp;&nbsp;&nbsp;&nbsp;&nbsp;&nbsp;&nbsp;&nbsp;&nbsp;&nbsp;&nbsp;&nbsp; Wille ist,\n\u2026.\u201c<\/p>\n\n\n\n<p>Phil 2,5: \u201eHabt in euch die Gesinnung, die auch in Christus\nJesus war.\u201c<\/p>\n","protected":false},"excerpt":{"rendered":"<p>Mein Name ist Jean Marcus. In meiner Praxis \u201eNeuGesinnung\u201c biete ich Ihnen Lebensberatung, Coaching, Therapeutische Seelsorge und Debriefing an. Ich berate ganzheitlich auf Grundlage des christlichen Weltbildes und Werteverst\u00e4ndnisses. Mein Angebot richtet sich an alle Menschen, egal welcher Konfession, egal welchen Glaubens. NeuGesinnung Unser Verhalten und unsere Reaktionen werden oft von uns unbewussten Einstellungen und [&hellip;]<\/p>\n","protected":false},"author":1,"featured_media":0,"parent":0,"menu_order":0,"comment_status":"closed","ping_status":"closed","template":"templates\/home-template.php","meta":{"footnotes":""},"class_list":["post-13","page","type-page","status-publish","hentry"],"_links":{"self":[{"href":"https:\/\/praxis-neuGesinnung.de\/index.php?rest_route=\/wp\/v2\/pages\/13","targetHints":{"allow":["GET"]}}],"collection":[{"href":"https:\/\/praxis-neuGesinnung.de\/index.php?rest_route=\/wp\/v2\/pages"}],"about":[{"href":"https:\/\/praxis-neuGesinnung.de\/index.php?rest_route=\/wp\/v2\/types\/page"}],"author":[{"embeddable":true,"href":"https:\/\/praxis-neuGesinnung.de\/index.php?rest_route=\/wp\/v2\/users\/1"}],"replies":[{"embeddable":true,"href":"https:\/\/praxis-neuGesinnung.de\/index.php?rest_route=%2Fwp%2Fv2%2Fcomments&post=13"}],"version-history":[{"count":7,"href":"https:\/\/praxis-neuGesinnung.de\/index.php?rest_route=\/wp\/v2\/pages\/13\/revisions"}],"predecessor-version":[{"id":344,"href":"https:\/\/praxis-neuGesinnung.de\/index.php?rest_route=\/wp\/v2\/pages\/13\/revisions\/344"}],"wp:attachment":[{"href":"https:\/\/praxis-neuGesinnung.de\/index.php?rest_route=%2Fwp%2Fv2%2Fmedia&parent=13"}],"curies":[{"name":"wp","href":"https:\/\/api.w.org\/{rel}","templated":true}]}}